{"id":22,"date":"2017-08-22T15:04:58","date_gmt":"2017-08-22T15:04:58","guid":{"rendered":"https:\/\/starcomunicaciones.ar\/nuevo\/?page_id=22"},"modified":"2017-08-22T13:54:57","modified_gmt":"2017-08-22T16:54:57","slug":"la-empresa","status":"publish","type":"page","link":"https:\/\/starcomunicaciones.ar\/nuevo\/la-empresa\/","title":{"rendered":"La empresa"},"content":{"rendered":"<p><span style=\"font-family: Verdana; font-size: medium;\"><b><a href=\"https:\/\/starcomunicaciones.ar\/nuevo\/wp-content\/uploads\/2017\/08\/Logo-Star-2017.jpg\"><img loading=\"lazy\" decoding=\"async\" class=\"alignnone size-medium wp-image-15\" src=\"https:\/\/starcomunicaciones.ar\/nuevo\/wp-content\/uploads\/2017\/08\/Logo-Star-2017-300x131.jpg\" alt=\"\" width=\"300\" height=\"131\" srcset=\"https:\/\/starcomunicaciones.ar\/nuevo\/wp-content\/uploads\/2017\/08\/Logo-Star-2017-300x131.jpg 300w, https:\/\/starcomunicaciones.ar\/nuevo\/wp-content\/uploads\/2017\/08\/Logo-Star-2017.jpg 651w\" sizes=\"auto, (max-width: 300px) 100vw, 300px\" \/><\/a><\/b><\/span><\/p>\n<p><span style=\"font-family: Verdana; font-size: medium;\"><b>Presentaci\u00f3n de la empresa<\/b><\/span><\/p>\n<p><span style=\"font-family: Verdana; font-size: small;\"><b>Objetivo y misi\u00f3n<\/b><\/span><\/p>\n<p>Objetivo<br \/>\nProveer soluciones integrales para mejorar las comunicaciones de voz<\/p>\n<p>Misi\u00f3n<br \/>\nCrear constantemente valor agregado, proporcionando nuevas herramientas basadas en software y hardware, integrando mano de obra Argentina con tecnolog\u00eda reconocida mundialmente.<\/p>\n<p>Valores fundamentales<br \/>\nTransmitimos nuestros valores a todo lo que hacemos:<br \/>\n-Trabajamos en equipo<br \/>\n-Respetamos a la persona<br \/>\n-Analizamos los hechos y brindamos nuestra opini\u00f3n<br \/>\n-Nos comunicamos abierta y honestamente<br \/>\n-Nos comprometemos con la comunidad<br \/>\n-Ante todo, actuamos con integridad<\/p>\n<p>El cliente est\u00e1 primero<br \/>\nLas exigencias del cliente impulsan nuestro desarrollo, haciendo mas y mejores productos y servicios, entendiendo que nuestro \u00e9xito est\u00e1 en el \u00e9xito de nuestros clientes.<\/p>\n<p>Dedicaci\u00f3n<br \/>\nDesde 1998 hemos ganado el respeto de peque\u00f1as y grandes empresas, a trav\u00e9s de la dedicaci\u00f3n y esfuerzo constante.<\/p>\n<p>Perfeccionamiento continuo<br \/>\nPara brindar soluciones y desarrollos nuevos, debemos estar capacitados constantemente. Por eso promovemos cursos gratuitos para nuestros clientes y proveedores. Adem\u00e1s participamos en foros donde brindamos asistencia gratuita a otras personas que se inician en las nuevas tecnolog\u00edas de las comunicaciones.<\/p>\n<p>Estrategia<br \/>\nEn Star Comunicaciones pensamos constantemente en nuevas soluciones e innovaciones que permitan mantenernos vigentes y adaptarnos r\u00e1pidamente a los cambios dr\u00e1sticos de la industria de la informaci\u00f3n. Nuestros servicios y productos alcanzan en forma directa a peque\u00f1as, medianas y grandes empresas, y en forma indirecta a usuarios en general que d\u00eda a d\u00eda se comunican con dichas empresas. Sabemos que debemos crecer en la cantidad de personal, y lo compensamos desarrollando v\u00ednculos estrechos con peque\u00f1as y medianas empresas dedicadas a la instalaci\u00f3n de equipamiento de comunicaciones, y dedicando nuestros recursos al desarrollo de software y hardware, como as\u00ed tambi\u00e9n al soporte pos-venta de los equipos comercializados.<\/p>\n<p>Star Comunicaciones seguir\u00e1 haciendo \u00e9nfasis en las necesidades de sus clientes a la vez que continuar\u00e1 realizando innovaciones, colaborando con sus aliados y profundizando su compromiso con el suministro de soluciones, productos y servicios integrales a operadoras de telecomunicaciones, empresas y clientes, manteniendo convenios comerciales con las principales importadores de equipamiento para lograr competir de la mejor manera con empresas de mayor tama\u00f1o.<\/p>\n<p>Principales l\u00edneas de productos<br \/>\nStar Comunicaciones desarrolla desde el a\u00f1o 2006 software de telecomunicaciones, siendo actualmente su principal producto las centrales IP Astrum donde volcamos todo nuestro conocimiento sobre sistemas de comunicaciones de voz sobre IP, telefon\u00eda anal\u00f3gica y digital. En forma adicional, comercializamos placas de l\u00edneas anal\u00f3gicas y digitales para centrales IP basadas en la plataforma de telefon\u00eda Asterisk \u00ae, tel\u00e9fonos y accesorios para cualquier plataforma de telefon\u00eda IP posicionandonos como uno de los pocos proveedores que brindan una soluci\u00f3n integral ya que cada producto comercializado incluye un soporte especializado durante el proceso de pre y post venta.<br \/>\nAdem\u00e1s realizamos aplicaciones a medida entre lo que destacamos el desarrollo de un sistema de recepci\u00f3n y respuesta automatizada de SMS e IVR para el ENRE (Ente Regulador de la Electricidad), el cual se utiliza d\u00eda a d\u00eda atendiendo los reclamos de los usuarios del servicio el\u00e9ctrico de la C.A.B.A., GBA y La Plata.<\/p>\n<p>Segmento empresarial<br \/>\nStar Comunicaciones posee una amplia cartera de clientes que incluye \u00e1reas como:<br \/>\n-finanzas<br \/>\n-energ\u00eda<br \/>\n-electricidad<br \/>\n-transporte<br \/>\n-gobierno<br \/>\n-servicios p\u00fablicos<br \/>\n-comercios e industrias<\/p>\n<p>Star Comunicaciones permite que los clientes empresariales mejoren sus comunicaciones, al tiempo que pueden disminuir sus costos operativos. Segmento de consumidores Trabajando mediante los canales de comercio electr\u00f3nico, nos hemos posicionado como referentes dentro de los proveedores de equipos para l\u00edneas VoIP (Voz sobre IP). Principalmente este canal es utilizado por peque\u00f1as empresas y usuarios finales que buscan una soluci\u00f3n para su hogar o Home Office.<\/p>\n","protected":false},"excerpt":{"rendered":"<p>Presentaci\u00f3n de la empresa Objetivo y misi\u00f3n Objetivo Proveer soluciones integrales para mejorar las comunicaciones de voz Misi\u00f3n Crear constantemente valor agregado, proporcionando nuevas herramientas basadas en software y hardware, integrando mano de obra Argentina con tecnolog\u00eda reconocida mundialmente. Valores<\/p>\n","protected":false},"author":2,"featured_media":15,"parent":0,"menu_order":0,"comment_status":"closed","ping_status":"closed","template":"","meta":{"footnotes":""},"class_list":["post-22","page","type-page","status-publish","has-post-thumbnail","hentry"],"_links":{"self":[{"href":"https:\/\/starcomunicaciones.ar\/nuevo\/wp-json\/wp\/v2\/pages\/22","targetHints":{"allow":["GET"]}}],"collection":[{"href":"https:\/\/starcomunicaciones.ar\/nuevo\/wp-json\/wp\/v2\/pages"}],"about":[{"href":"https:\/\/starcomunicaciones.ar\/nuevo\/wp-json\/wp\/v2\/types\/page"}],"author":[{"embeddable":true,"href":"https:\/\/starcomunicaciones.ar\/nuevo\/wp-json\/wp\/v2\/users\/2"}],"replies":[{"embeddable":true,"href":"https:\/\/starcomunicaciones.ar\/nuevo\/wp-json\/wp\/v2\/comments?post=22"}],"version-history":[{"count":4,"href":"https:\/\/starcomunicaciones.ar\/nuevo\/wp-json\/wp\/v2\/pages\/22\/revisions"}],"predecessor-version":[{"id":42,"href":"https:\/\/starcomunicaciones.ar\/nuevo\/wp-json\/wp\/v2\/pages\/22\/revisions\/42"}],"wp:featuredmedia":[{"embeddable":true,"href":"https:\/\/starcomunicaciones.ar\/nuevo\/wp-json\/wp\/v2\/media\/15"}],"wp:attachment":[{"href":"https:\/\/starcomunicaciones.ar\/nuevo\/wp-json\/wp\/v2\/media?parent=22"}],"curies":[{"name":"wp","href":"https:\/\/api.w.org\/{rel}","templated":true}]}}