{"id":23,"date":"2017-08-22T15:04:58","date_gmt":"2017-08-22T15:04:58","guid":{"rendered":"https:\/\/starcomunicaciones.ar\/nuevo\/?page_id=23"},"modified":"2018-07-10T14:25:08","modified_gmt":"2018-07-10T17:25:08","slug":"contacto","status":"publish","type":"page","link":"https:\/\/starcomunicaciones.ar\/nuevo\/contacto\/","title":{"rendered":"Contacto"},"content":{"rendered":"<p><strong>Star Comunicaciones SRL<br \/>\n<\/strong>Nuestra oficina se encuentre a pocos metros del Club Atl\u00e9tico Ferrocarril Oeste, Caballito<br \/>\nCiudad Aut\u00f3noma de Buenos Aires<\/p>\n<p><strong>Medios de atenci\u00f3n al cliente:<\/strong><br \/>\nEmail: cac@starcomunicaciones.ar<br \/>\nTel\u00e9fono: 011 3220 1650<\/p>\n<p><strong>De Lunes a Viernes de 9 a 12 y de 14 a 17hs<\/strong><\/p>\n<p><iframe loading=\"lazy\" style=\"border: 0;\" src=\"https:\/\/www.google.com\/maps\/embed?pb=!1m18!1m12!1m3!1d3283.4964221223754!2d-58.44942148968503!3d-34.616893363377095!2m3!1f0!2f0!3f0!3m2!1i1024!2i768!4f13.1!3m3!1m2!1s0x95bcca3c4529e413%3A0x6d60dd909b07d4c!2sEstadio+Ferro+Carril+Oeste!5e0!3m2!1ses!2sar!4v1503421164014\" width=\"600\" height=\"450\" frameborder=\"0\" allowfullscreen=\"allowfullscreen\"><\/iframe><\/p>\n<p>&nbsp;<\/p>\n<div class=\"everest-forms\"><div class=\"evf-container default\" id=\"evf-177\"><form id=\"evf-form-177\" class=\"everest-form\" data-formid=\"177\" data-ajax_submission=\"0\" data-keyboard_friendly_form=\"0\" data-form_state_type=\"\" method=\"post\" enctype=\"multipart\/form-data\" action=\"\/nuevo\/wp-json\/wp\/v2\/pages\/23\"><div class=\"evf-field-container\"><input type=\"hidden\" id=\"_wpnonce177\" name=\"_wpnonce177\" value=\"bd39eeea49\" \/><input type=\"hidden\" name=\"_wp_http_referer\" value=\"\/nuevo\/wp-json\/wp\/v2\/pages\/23\" \/><div class=\"evf-frontend-row\" data-row=\"row_1\" conditional_rules=\"[]\"><div class=\"evf-frontend-grid evf-grid-1\" data-grid=\"grid_1\"><div id=\"evf-177-field_fullname-container\" class=\"evf-field evf-field-text form-row validate-required\" data-required-field-message=\"This field is required.\" data-field-id=\"fullname\"><label class=\"evf-field-label\" for=\"evf-177-field_fullname\"><span class=\"evf-label\">Nombre<\/span> <abbr class=\"required\" title=\"Obligatorio\">*<\/abbr><\/label><input type=\"text\" id=\"evf-177-field_fullname\" class=\"input-text\" name=\"everest_forms[form_fields][fullname]\" required><\/div><div id=\"evf-177-field_email-container\" class=\"evf-field evf-field-email form-row validate-required validate-email\" data-required-field-message=\"Please enter a valid email address.\" data-field-id=\"email\"><label class=\"evf-field-label\" for=\"evf-177-field_email\"><span class=\"evf-label\">Email<\/span> <abbr class=\"required\" title=\"Obligatorio\">*<\/abbr><\/label><input type=\"email\" id=\"evf-177-field_email\" class=\"input-text\" name=\"everest_forms[form_fields][email]\" required ><\/div><div id=\"evf-177-field_subject-container\" class=\"evf-field evf-field-text form-row validate-required\" data-required-field-message=\"This field is required.\" data-field-id=\"subject\"><label class=\"evf-field-label\" for=\"evf-177-field_subject\"><span class=\"evf-label\">Asunto<\/span> <abbr class=\"required\" title=\"Obligatorio\">*<\/abbr><\/label><input type=\"text\" id=\"evf-177-field_subject\" class=\"input-text\" name=\"everest_forms[form_fields][subject]\" required><\/div><div id=\"evf-177-field_message-container\" class=\"evf-field evf-field-textarea form-row\" data-field-id=\"message\"><label class=\"evf-field-label\" for=\"evf-177-field_message\"><span class=\"evf-label\">Mensaje<\/span> <\/label><textarea id=\"evf-177-field_message\" class=\"input-text\" name=\"everest_forms[form_fields][message]\"  ><\/textarea><\/div><\/div><\/div><\/div><div class=\"evf-submit-container \" ><input type=\"hidden\" name=\"everest_forms[id]\" value=\"177\"><input type=\"hidden\" name=\"everest_forms[author]\" value=\"2\"><button type='submit' name='everest_forms[submit]' class='everest-forms-submit-button button evf-submit ' id='evf-submit-177' value='evf-submit' data-process-text=\"Procesando...\" conditional_rules='&quot;&quot;' conditional_id='evf-submit-177'  id=\"evf-submit-177\" aria-live=\"assertive\">Enviar<\/button><\/div><\/form><\/div><!-- .evf-container --><\/div>\n","protected":false},"excerpt":{"rendered":"<p>Star Comunicaciones SRL Nuestra oficina se encuentre a pocos metros del Club Atl\u00e9tico Ferrocarril Oeste, Caballito Ciudad Aut\u00f3noma de Buenos Aires Medios de atenci\u00f3n al cliente: Email: cac@starcomunicaciones.ar Tel\u00e9fono: 011 3220 1650 De Lunes a Viernes de 9 a 12<\/p>\n","protected":false},"author":2,"featured_media":0,"parent":0,"menu_order":0,"comment_status":"closed","ping_status":"closed","template":"","meta":{"footnotes":""},"class_list":["post-23","page","type-page","status-publish","hentry"],"_links":{"self":[{"href":"https:\/\/starcomunicaciones.ar\/nuevo\/wp-json\/wp\/v2\/pages\/23","targetHints":{"allow":["GET"]}}],"collection":[{"href":"https:\/\/starcomunicaciones.ar\/nuevo\/wp-json\/wp\/v2\/pages"}],"about":[{"href":"https:\/\/starcomunicaciones.ar\/nuevo\/wp-json\/wp\/v2\/types\/page"}],"author":[{"embeddable":true,"href":"https:\/\/starcomunicaciones.ar\/nuevo\/wp-json\/wp\/v2\/users\/2"}],"replies":[{"embeddable":true,"href":"https:\/\/starcomunicaciones.ar\/nuevo\/wp-json\/wp\/v2\/comments?post=23"}],"version-history":[{"count":6,"href":"https:\/\/starcomunicaciones.ar\/nuevo\/wp-json\/wp\/v2\/pages\/23\/revisions"}],"predecessor-version":[{"id":178,"href":"https:\/\/starcomunicaciones.ar\/nuevo\/wp-json\/wp\/v2\/pages\/23\/revisions\/178"}],"wp:attachment":[{"href":"https:\/\/starcomunicaciones.ar\/nuevo\/wp-json\/wp\/v2\/media?parent=23"}],"curies":[{"name":"wp","href":"https:\/\/api.w.org\/{rel}","templated":true}]}}